 t(m).
12
Let t(j) = j**2 + 11*j - 36. Let z(x) = x**2 + 10*x - 16. Let a(l) = 3*t(l) - 2*z(l). What is a(-17)?
-8
Let y = 136 - 270. Let t be (-451)/66 + 7 + y/12. Let c(w) = w + 8. Determine c(t).
-3
Let t(p) = 2*p. Let s(x) = -48*x + 237. Let i(b) = s(b) + 9*t(b). Calculate i(8).
-3
Let k(g) = -94 + 4*g + 127 - 83 + 14*g - 8*g. Give k(6).
10
Let i(y) = 2*y**3 + 3*y**2 + y. Let h be (3479/1491)/((-7)/6). What is i(h)?
-6
Suppose -5*l + 9*l = 220. Let v = 49 - l. Let d(q) = 0*q + 6 - q**3 + 7*q**2 + 2*q**3 + 8*q. Give d(v).
-6
Suppose -33*s + 543 - 1599 = 0. Let c(j) = j**3 + 35*j**2 + 96*j + 2. Calculate c(s).
2
Let i(k) = 12 + 5*k + 3*k - 70 - 3*k + 4. Let b be i(12). Let p(r) = -r**2 + 5*r + 7. Determine p(b).
1
Let c(p) be the third derivative of -p**4/8 + 7*p**3/3 - 141*p**2 - p. Determine c(7).
-7
Let w(i) = -i**3 - 10*i**2 - 11*i - 5. Suppose -4*v - 4 = 2*y, 4*y = -6*v + 4*v - 20. Let g be y/(8/12 + 0 - 0). What is w(g)?
13
Suppose 0 = 9*n - 64 - 665. Suppose -5*y - n - 194 = 5*p, 5*p + 4*y + 270 = 0. Let b = p - -53. Let j(u) = u**2 + 4. What is j(b)?
13
Let r(s) be the first derivative of 3*s**2/2 + 19*s - 2008. Determine r(-8).
-5
Let n(o) = 13*o**3 + 2*o**2 + 5*o - 472 + 237 - 10*o**3 + 238. Calculate n(-1).
-3
Suppose -13*o = -o - 108. Suppose o*i = 25 - 7. Let j(y) = -y**2 + 2*y - 3. Give j(i).
-3
Let j(v) be the first derivative of -v**4/12 + 4*v**3/3 - 3*v**2/2 - 142*v + 86. Let o(k) be the first derivative of j(k). Calculate o(7).
4
Let d(k) = -k**3 - 5*k**2 + 2*k - 2. Suppose 2*j + 6 = 0, 2*q + j = -0*j + 93. Let h = -44 + q. Let s be (50/(-15))/(h/6 + 0). What is d(s)?
-12
Suppose 2*s - 21 = -s. Let a(g) = -g + 4. Let y(t) = 12*t - 3. Let w(k) = 5*k - 2. Let v(x) = -5*w(x) + 2*y(x). Let m(r) = s*v(r) - 6*a(r). Determine m(0).
4
Let r(s) = 22*s**2 + 483 - 9*s**2 - 7*s - 986 + 493 - 12*s**2. Calculate r(9).
8
Let n(y) = -2*y**2 + 4*y. Let w(a) = a**2 - a. Let x(l) = -n(l) - 3*w(l). Let v be (-7)/(-2)*12/7. Let u be ((-17)/2 + v)*8/10. Calculate x(u).
-2
Suppose -4*y + 210 = -143*y + 905. Let n(k) be the third derivative of 0*k + 0 + 1/30*k**y - 5/24*k**4 - 2/3*k**3 - 31*k**2. What is n(4)?
8
Let m(a) = 155*a + 1155 + a**2 - 160*a - 1164. Let c(z) = -6*z - 6. Let i be c(-5). Suppose -3*w - 11 = 2*d - 4*d, -4*d = -4*w - i. Calculate m(d).
5
Let b(d) = -25*d**3 + 47*d**2 + 33*d + 11. Let k(p) = 9*p**3 - 16*p**2 - 11*p - 2. Let n(a) = 4*b(a) + 11*k(a). What is n(13)?
-4
Let s be 7/((-1)/((1 - 0)/(-1))). Let x(q) be the third derivative of -1/8*q**4 + 5/6*q**3 + 0*q + 0 + 19*q**2. Calculate x(s).
-16
Suppose 3*n = -3*m, -2*n - 522 = m - 517. Let t(a) = a**3 + 6*a**2 + 11*a + 14. What is t(n)?
-16
Let s = -11 + 5. Let z(m) = -27*m + 49. Let x(y) = -50*y + 91. Let k(o) = -6*x(o) + 11*z(o). What is k(s)?
-25
Let j(f) = -f**2 - f. Let y = -141 + 135. Let v be (11 + -5)/y*1*-2. Suppose v*x = -r + 1, -5*x - 20 = -2*r - 0*r. What is j(x)?
-2
Let q(s) = 9*s**2 - 9*s + 8. Let x(d) = d**2 - d + 1. Let i(a) = 2*q(a) - 22*x(a). Let b(y) be the first derivative of i(y). Give b(5).
-36
Let x(z) = -3*z - z**2 + 3*z + 8*z + 0*z - 5. Suppose -38*j - 50*j + 440 = 0. Determine x(j).
10
Let n(l) = -108*l - 23. Let r(p) be the first derivative of -53*p**2/2 - 10*p + 152. Let k(c) = -3*n(c) + 7*r(c). Give k(-1).
46
Let b be (-9 - -6) + (-7)/14*14. Let w(z) = z**3 + 12*z**2 + 16*z - 12. Calculate w(b).
28
Let u(m) = m**3 - 11*m**2 + 4*m + 21. Suppose 8*y = 44 - 4 + 40. Calculate u(y).
-39
Let h(g) = -55*g**3 - 33*g**2 - 28*g - 8. Let w(v) = 33*v**3 + 20*v**2 + 17*v + 5. Let m(z) = 8*h(z) + 13*w(z). Calculate m(-1).
11
Let z = 7 - 7. Suppose -5*p + 2 - 32 = z. Let h(c) = 2*c**2 + 1045*c**3 + 3*c**2 - 4*c - 1044*c**3 - 4*c. Give h(p).
12
Let k(p) be the second derivative of p**5/20 + 5*p**4/12 - p**3/3 + 7*p**2/2 + 5748*p. Suppose -w - 2*w - 18 = 0. Determine k(w).
-17
Suppose -6812 = -4*f - 4*c - 6700, 4*c + 88 = 4*f. Let t(n) be the second derivative of -f*n - 2*n**2 - n**3 - 1/12*n**4 + 0. Determine t(-6).
-4
Let j = -5 + 13. Let k(b) be the second derivative of -b**3/3 + 7*b**2/2 - 10*b - 2940. Determine k(j).
-9
Let p(g) = -24*g - 696. Let z(c) = -9*c + 52. Let x be z(9). Determine p(x).
0
Let f = -762 - -760. Let d(y) = 3 + 3*y - 12*y + 11*y. Give d(f).
-1
Let s = -15 + 22. Let d(i) = 4*i**2 + s + i**3 - 3*i + 0*i + i. Let c(m) = -10*m + 415. Let p be c(42). Determine d(p).
-8
Let m(l) = l**3 + 5*l**2 - 7*l - 1. Let y(a) = 2 - 6*a**2 + 9*a - a**3 + 6 + 0. Let i = -64 - -57. Let u be y(i). Determine m(u).
5
Let f(y) = -9*y + 140. Let g = -16928 - -16943. Calculate f(g).
5
Let x be (-220)/(-180)*(-3)/(-4). Let g(o) be the second derivative of -1/3*o**3 - x*o**4 - 1/2*o**2 - 11*o + 0. Give g(-1).
-10
Let k(d) be the first derivative of -d**3/3 - 2*d**2 - 7*d + 522. Suppose -p + 14*p = -39. Calculate k(p).
-4
Let v(o) = -o**3 + o**2 - o + 12. Suppose -2*x + 2*m - 3 = -x, -4*m = -4. Let a(g) = 35 - 45 + 9. Let s(j) = x*v(j) + 6*a(j). What is s(0)?
-18
Let z(c) = 25720 - c - 12862 - 3*c**3 - 12834. Calculate z(0).
24
Suppose -12 + 11 = -2*r + t, -3*t = r + 3. Let o(s) = -3*s**2 + 24*s - 25*s - 11 + s**3 + s**2. What is o(r)?
-11
Let d(f) = 4*f + 4. Let m be ((-2)/(-2) - -187) + -2. Let z be m/(-66) + 6/(-33). Let t be d(z). Let l(o) = o**3 + 9*o**2 + 8*o - 6. Determine l(t).
-6
Let x(h) be the first derivative of h**3/3 - 7*h**2/2 - 4*h + 13. Let c be x(7). Let l be 2*(-1 - c - (-1 + 3)). Let q(t) = t**2 - 2*t + 3. Determine q(l).
3
Let d = -147 - -149. Let c(a) = 21*a**3 - 22*a**2 - 20*a**3 + 5*a + 1 - d + 16*a**2. Calculate c(4).
-13
Let g(n) be the second derivative of n**4/12 + n**3/2 + 5*n**2/2 + n. Suppose 208*f - 134*f - 132*f = 174. What is g(f)?
5
Let o(m) be the first derivative of -m**5/60 + 2*m**4/3 - m**3/6 + 108*m**2 + 222. Let w(a) be the second derivative of o(a). Determine w(13).
38
Let w(h) = -97*h**2 - 16*h - 7. Let j(y) = -39*y**2 - 8*y - 4. Let n(g) = 5*j(g) - 2*w(g). Suppose -4*k - 10 = -2*k. Give n(k).
9
Let y(t) be the first derivative of 4*t - 157 - t**2 + 1/3*t**3. Calculate y(0).
4
Let n(v) = -v. Suppose 4*w - 4*x = 4, -4*x = -3*w + x + 13. Let y be n(w). Suppose 0 = y*j - 2*c - 34, 8 = -j - 3*c - 1. Let z(o) = o**2 - 8*o + 8. Give z(j).
-4
Let f(u) = -3*u + 1. Let x(d) be the third derivative of -d**6/120 - d**5/15 - d**4/8 - 6*d**3 - 29*d**2. Let l be x(-5). What is f(l)?
-11
Let a(x) = -5*x**3 - 4*x**2 - 4*x - 1. Let v(g) = -5*g**3 - 4*g**2 - 5*g - 2. Suppose -35 = -8*s - 11. Let j(q) = s*a(q) - 2*v(q). What is j(-2)?
29
Let v(k) = -692*k + 1367*k - 688*k + 0 + 12. Give v(-1).
25
Suppose 16*q + 20 = 6*q. Let i be q + -4 - (-5)/(-1). Let j(f) = -f**3 - 10*f**2 + 13*f + 13. What is j(i)?
-9
Let l(s) = -s**3 + 9*s**2 - 8*s + 10. Suppose -2 = -3*m - 4*i, -3*i = -4*m - 4 + 15. Suppose -m*w = 3*j - 16, -2*j + 33 = -3*w + 5. Calculate l(j).
10
Suppose 10*l = 274 - 284. Let f(b) = 4*b**2 + 15*b + 15. Let h be f(l). Let n(p) = -4*p - 2*p**2 - 3 + 3*p**2 + 1. Calculate n(h).
-2
Let f(q) = 16*q**3 + 16*q**2 + 22*q - 1. Let r(d) = 77*d**3 + 80*d**2 + 112*d - 5. Let y(b) = 24*f(b) - 5*r(b). Calculate y(-13).
-90
Let q(h) = 3*h - 88146 + 44080 + 44078. Calculate q(-23).
-57
Let y(c) = -1053*c - 48. Let f(v) = 383*v + 16. Let j(t) = 11*f(t) + 4*y(t). Let i(w) = -w + 12. Let k be i(0). Let b = k + -4. Calculate j(b).
-8
Let s(h) = h**3 + h**2 + 18*h + 10*h - 27*h - 1. Let k be 6/9*45/30. Give s(k).
2
Let b be -32*((-26)/4)/(-13) + 9. Let y(p) = -2*p - 12. Let z(f) = f. Let q(s) = y(s) + z(s). Calculate q(b).
-5
Let m(b) be the first derivative of b**2 + 7*b + 188. Suppose -5*q - 2 = 28. Determine m(q).
-5
Let m(n) be the third derivative of 0 + 0*n + 0*n**3 - 1/60*n**5 + 1/120*n**6 + 31*n**2 + 0*n**4. What is m(2)?
4
Let k(b) = 12*b - 2. Suppose -8 + 96 = -8*m. Let z(r) = r**3 + 11*r**2 + 9*r + 101. Let c be z(m). Calculate k(c).
22
Suppose 5*k = -2*a - 21, 4*a + 5*k = 3*a - 13. Let p(m) = 11 + 76*m**3 - 77*m**3 - m**2 - m - 6*m**2 + 8*m. Determine p(a).
19
Let t(s) be the second derivative of s**5/20 + 5*s**4/12 - s**3/2 + s**2 - s. Let q(d) = -17*d**3 - 11*d**2 + 26*d - 3. Let c be q(1). Calculate t(c).
17
Let g be (-1 - 0)*(0 + 1). Let o(z) = 3*z**2 + 2*z - 1. Let s(w) = 2*w**2 + 265205*w - w**2 - 265206*w. Let i(f) = o(f) + 2*s(f). D